{"id":500,"date":"2017-07-25T10:00:50","date_gmt":"2017-07-25T08:00:50","guid":{"rendered":"http:\/\/s-o-c.fr\/?page_id=500"},"modified":"2023-01-30T11:07:34","modified_gmt":"2023-01-30T10:07:34","slug":"transplant","status":"publish","type":"page","link":"http:\/\/s-o-c.fr\/index.php\/transplant\/","title":{"rendered":"Transplant"},"content":{"rendered":"\n<h5 class=\"has-text-align-left wp-block-heading\">Une recherche d&#8217;Axelle Gr\u00e9goire<\/h5>\n\n\n\n<p class=\"has-extra-small-font-size\">\u00ab<em>Transplant<\/em><em>, histoire de la fabrique du paysage<\/em>\u00bb est, au d\u00e9part, un carnet de projet, celui de la Vall\u00e9e de la chimie. Mais, plus que \u00e7a, il raconte l\u2019exp\u00e9rience d\u2019une mani\u00e8re alternative de cartographier.<\/p>\n\n\n\n<p class=\"has-extra-small-font-size\">Ce projet de gravure tient, en effet, \u00e9norm\u00e9ment au contexte de production de ces s\u00e9ries d\u2019estampes. Le projet a commenc\u00e9 en 2014 en parall\u00e8le de mon travail \u00e0 l\u2019agence Base en tant que chef de projet sur le plan guide de la Vall\u00e9e de la chimie. Ce territoire qui s\u2019\u00e9tend sur 800ha le long du Rh\u00f4ne au sud de la m\u00e9tropole lyonnaise \u00e9tait le laboratoire d\u2019une r\u00e9flexion sur une nouvelle mani\u00e8re de faire paysage. Ce territoire a valeur de prototype sur l\u2019articulation entre \u00e9nergie et \u00e9cologie, avec la chimie au centre comme mod\u00e8le de transformation de la mati\u00e8re.&nbsp;L\u2019incertitude quant au devenir des diff\u00e9rents sites industriels de la Vall\u00e9e, l\u2019impossibilit\u00e9 d\u2019y installer un paysage d\u2019agr\u00e9ment et des usages \u00e0 cause des risques technologiques encourus, le manque de fertilit\u00e9 et la pollution des sols \u00e9taient autant de param\u00e8tres qui nous imposaient d\u2019abandonner nos reflexes d\u2019am\u00e9nageurs pour d\u00e9velopper d\u2019autres moyens de faire paysage. Ce projet-processus entre op\u00e9ration paysag\u00e8re de grande envergure et protocole scientifique de traitement des sols \u00e9tait l\u2019occasion d\u2019inventer d\u2019autres modes de conception et de dessin pour ce territoire en mutation.<\/p>\n\n\n<div class=\"wp-block-image\">\n<figure class=\"aligncenter\"><img loading=\"lazy\" decoding=\"async\" width=\"1024\" height=\"1024\" src=\"http:\/\/s-o-c.fr\/wp-content\/uploads\/2018\/02\/transplant2-1024x1024.jpg\" alt=\"\" class=\"wp-image-989\" srcset=\"http:\/\/s-o-c.fr\/wp-content\/uploads\/2018\/02\/transplant2-1024x1024.jpg 1024w, http:\/\/s-o-c.fr\/wp-content\/uploads\/2018\/02\/transplant2-150x150.jpg 150w, http:\/\/s-o-c.fr\/wp-content\/uploads\/2018\/02\/transplant2-300x300.jpg 300w, http:\/\/s-o-c.fr\/wp-content\/uploads\/2018\/02\/transplant2-768x768.jpg 768w, http:\/\/s-o-c.fr\/wp-content\/uploads\/2018\/02\/transplant2.jpg 1181w\" sizes=\"(max-width: 1024px) 100vw, 1024px\" \/><\/figure><\/div>\n\n<div class=\"wp-block-image\">\n<figure class=\"aligncenter\"><img loading=\"lazy\" decoding=\"async\" width=\"1024\" height=\"1024\" src=\"http:\/\/s-o-c.fr\/wp-content\/uploads\/2018\/02\/transplant7-1024x1024.jpg\" alt=\"\" class=\"wp-image-994\" srcset=\"http:\/\/s-o-c.fr\/wp-content\/uploads\/2018\/02\/transplant7-1024x1024.jpg 1024w, http:\/\/s-o-c.fr\/wp-content\/uploads\/2018\/02\/transplant7-150x150.jpg 150w, http:\/\/s-o-c.fr\/wp-content\/uploads\/2018\/02\/transplant7-300x300.jpg 300w, http:\/\/s-o-c.fr\/wp-content\/uploads\/2018\/02\/transplant7-768x768.jpg 768w, http:\/\/s-o-c.fr\/wp-content\/uploads\/2018\/02\/transplant7.jpg 1181w\" sizes=\"(max-width: 1024px) 100vw, 1024px\" \/><\/figure><\/div>\n\n<div class=\"wp-block-image\">\n<figure class=\"aligncenter\"><img loading=\"lazy\" decoding=\"async\" width=\"1024\" height=\"1024\" src=\"http:\/\/s-o-c.fr\/wp-content\/uploads\/2018\/02\/transplant6-1024x1024.jpg\" alt=\"\" class=\"wp-image-993\" srcset=\"http:\/\/s-o-c.fr\/wp-content\/uploads\/2018\/02\/transplant6-1024x1024.jpg 1024w, http:\/\/s-o-c.fr\/wp-content\/uploads\/2018\/02\/transplant6-150x150.jpg 150w, http:\/\/s-o-c.fr\/wp-content\/uploads\/2018\/02\/transplant6-300x300.jpg 300w, http:\/\/s-o-c.fr\/wp-content\/uploads\/2018\/02\/transplant6-768x768.jpg 768w, http:\/\/s-o-c.fr\/wp-content\/uploads\/2018\/02\/transplant6.jpg 1181w\" sizes=\"(max-width: 1024px) 100vw, 1024px\" \/><\/figure><\/div>\n\n<div class=\"wp-block-image\">\n<figure class=\"aligncenter\"><img loading=\"lazy\" decoding=\"async\" width=\"1024\" height=\"1024\" src=\"http:\/\/s-o-c.fr\/wp-content\/uploads\/2018\/02\/transplant5-1024x1024.jpg\" alt=\"\" class=\"wp-image-992\" srcset=\"http:\/\/s-o-c.fr\/wp-content\/uploads\/2018\/02\/transplant5-1024x1024.jpg 1024w, http:\/\/s-o-c.fr\/wp-content\/uploads\/2018\/02\/transplant5-150x150.jpg 150w, http:\/\/s-o-c.fr\/wp-content\/uploads\/2018\/02\/transplant5-300x300.jpg 300w, http:\/\/s-o-c.fr\/wp-content\/uploads\/2018\/02\/transplant5-768x768.jpg 768w, http:\/\/s-o-c.fr\/wp-content\/uploads\/2018\/02\/transplant5.jpg 1181w\" sizes=\"(max-width: 1024px) 100vw, 1024px\" \/><\/figure><\/div>\n\n<div class=\"wp-block-image\">\n<figure class=\"aligncenter\"><img loading=\"lazy\" decoding=\"async\" width=\"1024\" height=\"1024\" src=\"http:\/\/s-o-c.fr\/wp-content\/uploads\/2018\/02\/transplant4-1024x1024.jpg\" alt=\"\" class=\"wp-image-991\" srcset=\"http:\/\/s-o-c.fr\/wp-content\/uploads\/2018\/02\/transplant4-1024x1024.jpg 1024w, http:\/\/s-o-c.fr\/wp-content\/uploads\/2018\/02\/transplant4-150x150.jpg 150w, http:\/\/s-o-c.fr\/wp-content\/uploads\/2018\/02\/transplant4-300x300.jpg 300w, http:\/\/s-o-c.fr\/wp-content\/uploads\/2018\/02\/transplant4-768x768.jpg 768w, http:\/\/s-o-c.fr\/wp-content\/uploads\/2018\/02\/transplant4.jpg 1181w\" sizes=\"(max-width: 1024px) 100vw, 1024px\" \/><\/figure><\/div>\n\n<div class=\"wp-block-image\">\n<figure class=\"aligncenter\"><img loading=\"lazy\" decoding=\"async\" width=\"1024\" height=\"1024\" src=\"http:\/\/s-o-c.fr\/wp-content\/uploads\/2018\/02\/transplant3-1024x1024.jpg\" alt=\"\" class=\"wp-image-990\" srcset=\"http:\/\/s-o-c.fr\/wp-content\/uploads\/2018\/02\/transplant3-1024x1024.jpg 1024w, http:\/\/s-o-c.fr\/wp-content\/uploads\/2018\/02\/transplant3-150x150.jpg 150w, http:\/\/s-o-c.fr\/wp-content\/uploads\/2018\/02\/transplant3-300x300.jpg 300w, http:\/\/s-o-c.fr\/wp-content\/uploads\/2018\/02\/transplant3-768x768.jpg 768w, http:\/\/s-o-c.fr\/wp-content\/uploads\/2018\/02\/transplant3.jpg 1181w\" sizes=\"(max-width: 1024px) 100vw, 1024px\" \/><\/figure><\/div>\n\n\n<p class=\"has-text-align-center has-extra-small-font-size\"><em>A force de navigation dans les images a\u00e9riennes, <\/em><br><em>zoom-d\u00e9zoom,<\/em><br><em>prise dans les automatismes du dessin,<\/em><br><em>se dessine une g\u00e9ographie imaginaire,<\/em><br><em>\u00e0 partir des images stock\u00e9es,<\/em><br><em>captures d\u2019\u00e9cran m\u00e9morielles,<\/em><br><em>ressource-fant\u00f4me parfois encombrante.<\/em><br><em>Pour r\u00e9int\u00e9grer la carte,<\/em><br><em>graver ce qu\u2019il reste de ce voyage,<\/em><br><em>confronter des r\u00e9alit\u00e9s \u00e9loign\u00e9es, <\/em><br><em>s\u2019int\u00e9resser aux interruptions de la mati\u00e8re urbaine, <\/em><br><em>aux blancs qui ne sont pas des vides<\/em><br><em>en dessiner les contours pour les r\u00e9v\u00e9ler.<\/em><br><em>Porter son regard,<\/em><br><em>et sa main,<\/em><br><em>sur les plis du tissu urbanis\u00e9,<\/em><br><em>ou dans les creux du paysage,<\/em><br><em>et ainsi d\u00e9velopper des natures hybrides.<\/em><br><em>Plonger dans un processus de dessin\/relecture,<\/em><br><em>m\u00e9thode dynamique de notation <\/em><br><em>des climats, des sujets, des objets et des ph\u00e9nom\u00e8nes.<\/em><br><em>Travailler par couches,<\/em><br><em>comme si le voyage se faisait entre les diff\u00e9rents calques des logiciels de nos outils num\u00e9riques.<\/em><br><em>Les motifs paysagers deviennent obsession.<\/em><br><em>Faire l\u2019exp\u00e9rience de nouveaux gestes,<\/em><br><em>et les r\u00e9p\u00e9ter.<\/em><br><em>Alors une transe, <\/em><br><em>jusqu\u2019\u00e0 cr\u00e9er une s\u00e9dimentation.<\/em><br><em>Ces gestes se m\u00e9tamorphosent<\/em><br><em> ils sont mati\u00e8re&nbsp;:<\/em><br><em>creux, rayures, surface polie, sillons&#8230;<\/em><br><em>Ils sont la grammaire graphique de ces cartes en formation.<\/em><br><em>Dessiner comme on arpente le territoire,<\/em><br><em>faire corps,<\/em><br><em>y laisser une marque.<\/em><br><em>Tatouage territorial,<\/em><br><em>fossile d\u2019un pass\u00e9 que nous ne connaitrons pas,<\/em><br><em>chantier d\u2019un futur invisible.<\/em><br><em>M\u00e9moire vive de la fabrique des territoires.<\/em><br><br><br><\/p>\n\n\n\n<p class=\"has-extra-small-font-size\">A partir de cette premi\u00e8re exp\u00e9rience, <em>Transplant <\/em>a aujourd\u2019hui pour objectif de cr\u00e9er une fili\u00e8re de recyclage d\u2019images. Concours perdus, options abandonn\u00e9es, anomalies informatiques, d\u00e9chets d\u2019impressions, r\u00e9f\u00e9rences obs\u00e9dantes, calques de travail constituent un corpus, une mati\u00e8re, une mine dans laquelle puiser.<\/p>\n\n\n\n<p class=\"has-extra-small-font-size\">La plaque comme le sol devient palympseste. Chaque trait est une marque qui fait signe. Il s\u2019agit de passer du trait \u00e0 l\u2019empreinte pour imprimer des sortes de tatouages territoriaux. M\u00e9moire des projets et territoire-fiction, ces estampes sont les fossiles d\u2019un monde qui ne verra pas le jour. Cette m\u00e9thode permet de recr\u00e9er un m\u00e9moire vive des processus de projet, pour en quelque sorte \u00ab&nbsp;graver&nbsp;\u00bb l\u2019histoire secr\u00e8te de la fabrique du paysage.<\/p>\n\n\n\n<p class=\"has-extra-small-font-size\">L&#8217;exposition &#8220;<em>Sol. Ciel. Horizon.&#8221;<\/em> est un point d&#8217;\u00e9tape dans ce projet de recherche graphique qui explore les modes de fabrication du paysage par le voyage entre diff\u00e9rents m\u00e9dias; de la cartographie m\u00e9morielle \u00e0 la conception architecturale et paysag\u00e8re.<\/p>\n\n\n<div class=\"wp-block-image\">\n<figure class=\"aligncenter\"><img loading=\"lazy\" decoding=\"async\" width=\"1024\" height=\"1024\" src=\"http:\/\/s-o-c.fr\/wp-content\/uploads\/2017\/09\/TRANSPLANT1-1024x1024.jpg\" alt=\"\" class=\"wp-image-709\" srcset=\"http:\/\/s-o-c.fr\/wp-content\/uploads\/2017\/09\/TRANSPLANT1-1024x1024.jpg 1024w, http:\/\/s-o-c.fr\/wp-content\/uploads\/2017\/09\/TRANSPLANT1-150x150.jpg 150w, http:\/\/s-o-c.fr\/wp-content\/uploads\/2017\/09\/TRANSPLANT1-300x300.jpg 300w, http:\/\/s-o-c.fr\/wp-content\/uploads\/2017\/09\/TRANSPLANT1-768x768.jpg 768w\" sizes=\"(max-width: 1024px) 100vw, 1024px\" \/><figcaption class=\"wp-element-caption\"><em>\u00a9AxelleGr\u00e9goire<\/em><\/figcaption><\/figure><\/div>\n\n\n<p class=\"has-text-align-center\"><\/p>\n\n\n\n<p class=\"has-text-align-center\"><\/p>\n","protected":false},"excerpt":{"rendered":"<p>Une recherche d&#8217;Axelle Gr\u00e9goire \u00abTransplant, histoire de la fabrique du paysage\u00bb est, au d\u00e9part, un carnet de projet, celui de la Vall\u00e9e de la chimie. Mais, plus que \u00e7a, il raconte l\u2019exp\u00e9rience d\u2019une mani\u00e8re alternative de cartographier. Ce projet de gravure tient, en effet, \u00e9norm\u00e9ment au contexte de production de ces s\u00e9ries d\u2019estampes. Le projet&hellip; <a class=\"more-link\" href=\"http:\/\/s-o-c.fr\/index.php\/transplant\/\">Continue reading <span class=\"screen-reader-text\">Transplant<\/span><\/a><\/p>\n","protected":false},"author":1,"featured_media":0,"parent":0,"menu_order":2,"comment_status":"closed","ping_status":"closed","template":"","meta":{"footnotes":""},"_links":{"self":[{"href":"http:\/\/s-o-c.fr\/index.php\/wp-json\/wp\/v2\/pages\/500"}],"collection":[{"href":"http:\/\/s-o-c.fr\/index.php\/wp-json\/wp\/v2\/pages"}],"about":[{"href":"http:\/\/s-o-c.fr\/index.php\/wp-json\/wp\/v2\/types\/page"}],"author":[{"embeddable":true,"href":"http:\/\/s-o-c.fr\/index.php\/wp-json\/wp\/v2\/users\/1"}],"replies":[{"embeddable":true,"href":"http:\/\/s-o-c.fr\/index.php\/wp-json\/wp\/v2\/comments?post=500"}],"version-history":[{"count":8,"href":"http:\/\/s-o-c.fr\/index.php\/wp-json\/wp\/v2\/pages\/500\/revisions"}],"predecessor-version":[{"id":2197,"href":"http:\/\/s-o-c.fr\/index.php\/wp-json\/wp\/v2\/pages\/500\/revisions\/2197"}],"wp:attachment":[{"href":"http:\/\/s-o-c.fr\/index.php\/wp-json\/wp\/v2\/media?parent=500"}],"curies":[{"name":"wp","href":"https:\/\/api.w.org\/{rel}","templated":true}]}}