{"id":1262,"date":"2019-01-22T10:03:46","date_gmt":"2019-01-22T09:03:46","guid":{"rendered":"http:\/\/s-o-c.fr\/?page_id=1262"},"modified":"2024-06-27T13:20:50","modified_gmt":"2024-06-27T11:20:50","slug":"back-to-earth-2","status":"publish","type":"page","link":"http:\/\/s-o-c.fr\/index.php\/back-to-earth-2\/","title":{"rendered":"Back To Earth"},"content":{"rendered":"\n<p class=\"has-text-align-left has-extra-small-font-size\"><strong>Enqu\u00eate sur les relations que nous avons avec les vivants &#8211; Cartographie en construction des terrains de vie<\/strong><\/p>\n\n\n\n<p class=\"has-text-align-left has-extra-small-font-size\">Le festival pluridisciplinaire <i>Hors Pistes <\/i>(18 janvier &#8211; 3 f\u00e9vrier 2019) c\u00e9l\u00e8bre le cinquantenaire du premier pas sur la lune et vous pr\u00e9sente un dispositif in\u00e9dit dans le forum-1, qui partant de la lune, vient questionner notre rapport \u00e0 la notion de territoire : la Terre \u00e9tant, plus que jamais, une plan\u00e8te \u00e0 red\u00e9couvrir, \u00e0 explorer. Dans ce contexte, le Centre Pompidou accueille&nbsp;Fr\u00e9d\u00e9rique A\u00eft-Touati, metteur en sc\u00e8ne et historienne des sciences, Bruno Latour, sociologue, anthropologue et philosophe des sciences, et l&#8217;Atelier SOC (Soci\u00e9t\u00e9 d&#8217;Objets Cartographiques) qui animeront deux workshops suivis d&#8217;une conf\u00e9rence-performance&nbsp; <em><strong>&#8220;Back to Earth&#8221;<\/strong><\/em>.<\/p>\n\n\n<div class=\"wp-block-image\">\n<figure class=\"aligncenter\"><img loading=\"lazy\" decoding=\"async\" width=\"4724\" height=\"4724\" src=\"http:\/\/s-o-c.fr\/wp-content\/uploads\/2018\/12\/back-to-earth.jpg\" alt=\"\" class=\"wp-image-1247\" srcset=\"http:\/\/s-o-c.fr\/wp-content\/uploads\/2018\/12\/back-to-earth.jpg 4724w, http:\/\/s-o-c.fr\/wp-content\/uploads\/2018\/12\/back-to-earth-150x150.jpg 150w, http:\/\/s-o-c.fr\/wp-content\/uploads\/2018\/12\/back-to-earth-300x300.jpg 300w, http:\/\/s-o-c.fr\/wp-content\/uploads\/2018\/12\/back-to-earth-768x768.jpg 768w, http:\/\/s-o-c.fr\/wp-content\/uploads\/2018\/12\/back-to-earth-1024x1024.jpg 1024w\" sizes=\"(max-width: 4724px) 100vw, 4724px\" \/><\/figure><\/div>\n\n\n<div class=\"wp-block-columns alignwide is-layout-flex wp-container-core-columns-layout-1 wp-block-columns-is-layout-flex\">\n<div class=\"wp-block-column is-layout-flow wp-block-column-is-layout-flow\" style=\"flex-basis:100%\">\n<p class=\"has-extra-small-font-size\">Bruno Latour et Fr\u00e9d\u00e9rique A\u00eft-Touati nous ont invit\u00e9 \u00e0 participer au projet <em>Back to Earth<\/em> pour tester l\u2019hypoth\u00e8se suivante&nbsp;:&nbsp; et si la Terre \u00e9tait une plan\u00e8te inconnue, qu\u2019il faut \u00e0 nouveau explorer, d\u00e9couvrir, d\u00e9crire, cartographier&nbsp;? Comment nous repr\u00e9senter la \u00ab&nbsp;septi\u00e8me plan\u00e8te&nbsp;\u00bb du plan\u00e9tarium&nbsp;?&nbsp;Nous avons commenc\u00e9 le travail en organisant ces derni\u00e8res semaines deux ateliers avec les adh\u00e9rents du Centre Pompidou. Il s\u2019agissait d\u2019exp\u00e9rimenter une autre mani\u00e8re de d\u00e9crire notre terrain de vie, en dessinant collectivement la carte du \u00ab&nbsp;terrestre&nbsp;\u00bb. C\u2019est une carte que nous commen\u00e7ons juste \u00e0 dessiner, pixel par pixel, et qui sera construite tout au long du processus de recherche et de cr\u00e9ation de la pi\u00e8ce, jusqu\u2019\u00e0 la premi\u00e8re en mars 2020 au ZKM \u00e0 Karlsruhe (Allemagne).<\/p>\n<\/div>\n<\/div>\n\n\n\n<div class=\"wp-block-columns alignwide is-layout-flex wp-container-core-columns-layout-2 wp-block-columns-is-layout-flex\">\n<div class=\"wp-block-column is-layout-flow wp-block-column-is-layout-flow\" style=\"flex-basis:100%\">\n<p class=\"has-extra-small-font-size\">Le but de ces ateliers est de fabriquer collectivement une carte bas\u00e9e sur des t\u00e9moignages de relations et de liens aux autres vivants&nbsp;: on essaye de mieux comprendre ce qui d\u00e9finit mat\u00e9riellement et physiquement notre terrain de vie. C\u2019est un exercice biographique et cartographique, mais aussi intime et th\u00e9rapeutique. On tente de r\u00e9v\u00e9ler des liens d&#8217;attachement, d&#8217;affinit\u00e9 et des relations parfois vitales aux vivants ou aux choses qui ont \u00e9t\u00e9 vivantes. On s&#8217;int\u00e9resse \u00e0 des liens qui peuvent para\u00eetre anecdotiques, mais qui sont en fait le tissu des terrains de vie.&nbsp;La carte pr\u00e9sente des histoires issues de ces ateliers, elles racontent un attachement, un lien de d\u00e9pendance ou de subsistance que les participants entretiennent avec un \u00eatre vivant non-humain.<\/p>\n<\/div>\n<\/div>\n\n\n\n<div class=\"wp-block-columns alignwide is-layout-flex wp-container-core-columns-layout-3 wp-block-columns-is-layout-flex\">\n<div class=\"wp-block-column is-layout-flow wp-block-column-is-layout-flow\" style=\"flex-basis:100%\">\n<p class=\"has-extra-small-font-size\">Le r\u00e9sultat est tr\u00e8s diff\u00e9rent d\u2019une carte g\u00e9ographique car nous sommes partis des relations et avons supprim\u00e9 le fond de carte. On voit appara\u00eetre des micro-situations g\u00e9opolitiques avec des buses, des arbres creux, des gorgones, des tortues, des galets, des aliments, des renards, des bact\u00e9ries. Dans la plupart des r\u00e9cits, ces relations font appara\u00eetre un r\u00e9seau de liens complexes et entrelac\u00e9s, elles r\u00e9v\u00e8lent un territoire.&nbsp;On voit appara\u00eetre des espaces de cohabitation, de friction, des aires partag\u00e9s, des enveloppes thermiques, domestiques ou bien des zones d\u2019\u00e9vitement, des zones de conflit, des liens de subsistance\u2026&nbsp;Bien s\u00fbr, ce ne sont encore que des pixels, et nous sommes encore tr\u00e8s loin de la carte g\u00e9n\u00e9rale, qui sera toujours en construction\u2026<\/p>\n<\/div>\n<\/div>\n\n\n\n<div class=\"wp-block-columns alignwide is-layout-flex wp-container-core-columns-layout-4 wp-block-columns-is-layout-flex\">\n<div class=\"wp-block-column is-layout-flow wp-block-column-is-layout-flow\" style=\"flex-basis:100%\">\n<p class=\"has-extra-small-font-size\">Comme la t\u00e2che est immense, nous demanderons \u00e0 ceux qui le souhaitent d\u2019\u00e9crire une br\u00e8ve description de leur relation de d\u00e9pendance \u00e0 un \u00eatre vivant, non domestiqu\u00e9 si possible, \u00e0 partir d\u2019une situation v\u00e9cue. &nbsp;Nous allons r\u00e9colter et inclure ces r\u00e9cits dans la carte pour continuer \u00e0 rendre visible cet enchev\u00eatrement de lignes qui composent les paysages vivants que nous avons en commun avec de nombreux \u00eatres. De la simplification spatiale h\u00e9rit\u00e9e de Galil\u00e9e, nous esp\u00e9rons passer \u00e0 un espace plus complexe, plus chaotique peut-\u00eatre, mais aussi plus r\u00e9aliste.<\/p>\n<\/div>\n<\/div>\n\n\n\n<figure class=\"wp-block-image alignwide size-full\"><img loading=\"lazy\" decoding=\"async\" width=\"7865\" height=\"7873\" src=\"http:\/\/s-o-c.fr\/wp-content\/uploads\/2019\/01\/Carte-du-terrestre.jpg\" alt=\"\" class=\"wp-image-1261\" srcset=\"http:\/\/s-o-c.fr\/wp-content\/uploads\/2019\/01\/Carte-du-terrestre.jpg 7865w, http:\/\/s-o-c.fr\/wp-content\/uploads\/2019\/01\/Carte-du-terrestre-150x150.jpg 150w, http:\/\/s-o-c.fr\/wp-content\/uploads\/2019\/01\/Carte-du-terrestre-300x300.jpg 300w, http:\/\/s-o-c.fr\/wp-content\/uploads\/2019\/01\/Carte-du-terrestre-768x769.jpg 768w, http:\/\/s-o-c.fr\/wp-content\/uploads\/2019\/01\/Carte-du-terrestre-1024x1024.jpg 1024w\" sizes=\"(max-width: 7865px) 100vw, 7865px\" \/><\/figure>\n\n\n\n<div class=\"wp-block-columns alignwide is-layout-flex wp-container-core-columns-layout-6 wp-block-columns-is-layout-flex\">\n<div class=\"wp-block-column is-layout-flow wp-block-column-is-layout-flow\" style=\"flex-basis:50%\">\n<div class=\"wp-block-columns is-layout-flex wp-container-core-columns-layout-5 wp-block-columns-is-layout-flex\">\n<div class=\"wp-block-column is-layout-flow wp-block-column-is-layout-flow\" style=\"flex-basis:100%\">\n<p class=\"has-extra-small-font-size\">Un des participants raconte qu\u2019il n\u2019aime pas particuli\u00e8rement les <strong>abeilles&nbsp;<\/strong>mais s\u2019y est fortement attach\u00e9. Ses parents \u00e0 la retraite sont devenus apiculteurs. Peu \u00e0 peu il a appris \u00e0 les appr\u00e9cier parce que ces abeilles ont re-tiss\u00e9 des liens familiaux, la relation entre parents et enfants. Mais il craint toujours les abeilles&nbsp;! Un jour elles ont attaqu\u00e9 un des voisins et ont piqu\u00e9 toute une famille. Depuis, ses parents ont d\u00e9plac\u00e9 les ruches dans un endroit sans voisin. Lui par contre a poursuivi l\u2019exp\u00e9rience de ses parents dans son contexte professionnel et a r\u00e9ussi \u00e0 faire financer l\u2019installation d\u2019une ruche dans le centre social o\u00f9 il travaille.<\/p>\n<\/div>\n<\/div>\n<\/div>\n\n\n\n<div class=\"wp-block-column is-layout-flow wp-block-column-is-layout-flow\" style=\"flex-basis:50%\">\n<p class=\"has-extra-small-font-size\">Un autre participant parle du <strong>caf\u00e9<\/strong>, pour lui c\u2019est un lien de subsistance. Il ne conna\u00eet pas grand chose \u00e0 son sujet mais a une relation tr\u00e8s pouss\u00e9e avec lui puisqu\u2019il l\u2019ing\u00e8re. Il ne sait pas par qui et comment est cultiv\u00e9 son caf\u00e9 ni les territoires qu\u2019il traverse. L\u2019exploitation du caf\u00e9 pose question, mais pour lui, boire son caf\u00e9 c\u2019est vital. Il y a beaucoup d\u2019inconnus, beaucoup d\u2019invisibles dans sa relation, mais il est conscient qu\u2019il s&#8217;agit d\u2019un r\u00e9seau tr\u00e8s \u00e9tendu dont il n\u2019est pas le centre.<\/p>\n<\/div>\n<\/div>\n\n\n\n<div class=\"wp-block-columns alignwide is-layout-flex wp-container-core-columns-layout-7 wp-block-columns-is-layout-flex\">\n<div class=\"wp-block-column is-layout-flow wp-block-column-is-layout-flow\" style=\"flex-basis:50%\">\n<p class=\"has-extra-small-font-size\">Une artiste nous raconte son attachement \u00e0 la <strong>gorgone sous marine<\/strong>. Elle habitait en Inde quand elle les a d\u00e9couvertes\u00a0: c\u2019est une esp\u00e8ce prot\u00e9g\u00e9e, et les p\u00eacheurs les jetaient. Elle a commenc\u00e9 \u00e0 les ramasser et \u00e0 les collectionner. Elle en a fait sa pratique artistique. Elle nous en a donn\u00e9 trois, que voici. La gorgone est form\u00e9e d&#8217;un grand nombre d&#8217;animaux marins vivant en colonies, les polypes, qui sont dispos\u00e9s sur un squelette, le polypier. Ce squelette souple est lui-m\u00eame s\u00e9cr\u00e9t\u00e9 par les polypes qui sont de petits sacs membraneux entour\u00e9s de tentacules, constituant une forme tr\u00e8s \u00e9l\u00e9mentaire du monde animal. Ces \u00eatres \u00e9chou\u00e9s parlent d\u2019arrachement et de d\u00e9placement. Mais ils sont aussi un magnifique exemple d\u2019un \u00eatre vivant produisant son propre territoire de vie.<\/p>\n<\/div>\n\n\n\n<div class=\"wp-block-column is-layout-flow wp-block-column-is-layout-flow\" style=\"flex-basis:50%\">\n<p class=\"has-extra-small-font-size\">Une personne \u00e9tait tr\u00e8s attach\u00e9e aux <strong>arbres creux<\/strong>, un lien qu\u2019elle entretient depuis son enfance. Elle y trouvait refuge. Elle d\u00e9crit ce qui se passe \u00e0 l&#8217;int\u00e9rieur, le partage de cet espace avec d\u2019autres vivants pour qui c\u2019est un espace de subsistance : des insectes, des vers, une buse. Elle d\u00e9crit ce qu\u2019il y a autour de l&#8217;arbre, au pied de l&#8217;arbre, des champignons et de la mousse. Elle conna\u00eet aussi l\u2019ennemi d\u2019un de ces arbres, c\u2019est un agriculteur qui a fini par le couper pour \u00e9tendre son domaine viticole. Elle milite pour sauver ces arbres creux. Quand elle raconte cette histoire, quelqu\u2019un dans la salle r\u00e9pond : \u00ab&nbsp;mais parfois ces arbres sont dangereux et il faut les couper&nbsp;! c\u2019est notamment ce qui se passe tous les jours en milieu urbain dense&nbsp;\u00bb. Quelqu&#8217;un d\u2019autre parle de l\u2019agriculteur qui lui aussi a besoin de ce terrain pour y travailler.<\/p>\n<\/div>\n<\/div>\n\n\n<div class=\"wp-block-image\">\n<figure class=\"aligncenter\"><img loading=\"lazy\" decoding=\"async\" width=\"768\" height=\"1024\" src=\"http:\/\/s-o-c.fr\/wp-content\/uploads\/2019\/01\/421c5325-c358-4782-a060-76fdf10dca8e-768x1024.jpg\" alt=\"\" class=\"wp-image-1268\" srcset=\"http:\/\/s-o-c.fr\/wp-content\/uploads\/2019\/01\/421c5325-c358-4782-a060-76fdf10dca8e.jpg 768w, http:\/\/s-o-c.fr\/wp-content\/uploads\/2019\/01\/421c5325-c358-4782-a060-76fdf10dca8e-225x300.jpg 225w\" sizes=\"(max-width: 768px) 100vw, 768px\" \/><\/figure><\/div>","protected":false},"excerpt":{"rendered":"<p>Enqu\u00eate sur les relations que nous avons avec les vivants &#8211; Cartographie en construction des terrains de vie Le festival pluridisciplinaire Hors Pistes (18 janvier &#8211; 3 f\u00e9vrier 2019) c\u00e9l\u00e8bre le cinquantenaire du premier pas sur la lune et vous pr\u00e9sente un dispositif in\u00e9dit dans le forum-1, qui partant de la lune, vient questionner notre&hellip; <a class=\"more-link\" href=\"http:\/\/s-o-c.fr\/index.php\/back-to-earth-2\/\">Continue reading <span class=\"screen-reader-text\">Back To Earth<\/span><\/a><\/p>\n","protected":false},"author":1,"featured_media":0,"parent":0,"menu_order":2,"comment_status":"closed","ping_status":"closed","template":"page-fullwidth.php","meta":{"footnotes":""},"_links":{"self":[{"href":"http:\/\/s-o-c.fr\/index.php\/wp-json\/wp\/v2\/pages\/1262"}],"collection":[{"href":"http:\/\/s-o-c.fr\/index.php\/wp-json\/wp\/v2\/pages"}],"about":[{"href":"http:\/\/s-o-c.fr\/index.php\/wp-json\/wp\/v2\/types\/page"}],"author":[{"embeddable":true,"href":"http:\/\/s-o-c.fr\/index.php\/wp-json\/wp\/v2\/users\/1"}],"replies":[{"embeddable":true,"href":"http:\/\/s-o-c.fr\/index.php\/wp-json\/wp\/v2\/comments?post=1262"}],"version-history":[{"count":11,"href":"http:\/\/s-o-c.fr\/index.php\/wp-json\/wp\/v2\/pages\/1262\/revisions"}],"predecessor-version":[{"id":2297,"href":"http:\/\/s-o-c.fr\/index.php\/wp-json\/wp\/v2\/pages\/1262\/revisions\/2297"}],"wp:attachment":[{"href":"http:\/\/s-o-c.fr\/index.php\/wp-json\/wp\/v2\/media?parent=1262"}],"curies":[{"name":"wp","href":"https:\/\/api.w.org\/{rel}","templated":true}]}}